36 and 15463656?
36
What is the highest common factor of 3170 and 4119415?
1585
Calculate the highest common divisor of 18 and 3904152.
6
What is the greatest common divisor of 52779330 and 10?
10
Calculate the greatest common divisor of 8810684 and 118642.
866
What is the highest common divisor of 1679252 and 2756?
212
Calculate the greatest common divisor of 4753350 and 2683800.
9450
What is the greatest common factor of 2250 and 866442?
6
What is the highest common factor of 4994220 and 84?
84
Calculate the greatest common factor of 872586724 and 8049.
2683
What is the highest common factor of 4 and 46380608?
4
Calculate the highest common divisor of 3962126 and 280.
14
Calculate the highest common factor of 155178 and 677322.
666
Calculate the greatest common factor of 209829978 and 796.
398
Calculate the greatest common factor of 84494 and 14857.
83
What is the highest common divisor of 14555042 and 5278?
58
Calculate the greatest common divisor of 8731837 and 35489.
1543
What is the highest common divisor of 44429176 and 2728?
88
Calculate the greatest common divisor of 4169043 and 1269.
27
What is the highest common divisor of 19671102 and 396?
198
What is the highest common factor of 205367430 and 2910?
2910
What is the highest common factor of 10145940 and 40?
20
What is the greatest common factor of 695337 and 75?
3
What is the greatest common factor of 3726 and 6623586?
1242
Calculate the greatest common factor of 1027863135 and 3510.
1755
What is the greatest common factor of 1464973 and 2169502?
11183
Calculate the highest common factor of 81140019 and 1563.
1563
What is the greatest common factor of 2928 and 169152?
48
Calculate the greatest common factor of 7857 and 83007.
9
What is the greatest common divisor of 23575 and 96575?
25
What is the greatest common divisor of 374078916 and 2214?
738
What is the greatest common factor of 54 and 2792997?
9
What is the highest common factor of 4225 and 654550?
325
Calculate the greatest common divisor of 31020416 and 98.
14
What is the greatest common divisor of 225 and 105041925?
225
Calculate the highest common divisor of 47050081 and 6903.
767
Calculate the greatest common divisor of 69160 and 4314596.
988
What is the greatest common factor of 45 and 173664360?
45
Calculate the greatest common divisor of 6482 and 1791776.
14
What is the greatest common divisor of 1113 and 26880434?
371
What is the greatest common factor of 10706587 and 355?
71
What is the highest common divisor of 437020187 and 2417?
2417
What is the highest common divisor of 152260 and 4216940?
6620
Calculate the greatest common factor of 38504494 and 49.
49
Calculate the highest common factor of 35059640 and 176.
88
What is the greatest common divisor of 4459170 and 120?
30
Calculate the highest common factor of 16709 and 814649.
341
What is the greatest common divisor of 3885 and 70611170?
1295
What is the greatest common factor of 975 and 28640325?
75
What is the highest common factor of 2394 and 19405992?
114
Calculate the highest common factor of 186225 and 67275.
975
What is the greatest common divisor of 57 and 1528161?
3
Calculate the greatest common divisor of 3916284 and 60.
12
What is the greatest common factor of 139111 and 731?
17
What is the greatest common factor of 32393 and 12383?
29
What is the greatest common factor of 165 and 73557770?
55
What is the highest common divisor of 1248 and 27214008?
24
What is the greatest common divisor of 165170 and 7150070?
1990
Calculate the greatest common factor of 2212 and 360722453.
553
Calculate the greatest common divisor of 2876570 and 340.
170
Calculate the highest common divisor of 265738418 and 330.
22
Calculate the highest common divisor of 7 and 1400245917.
7
What is the greatest common divisor of 1024 and 1454336?
256
Calculate the highest common factor of 27163 and 145889.
23
What is the greatest common divisor of 15 and 11729265?
15
Calculate the highest common divisor of 16399622 and 1432.
358
Calculate the greatest common divisor of 19 and 325332649.
19
Calculate the highest common divisor of 35 and 15832789.
7
What is the greatest common divisor of 2590 and 1114070?
370
What is the greatest common factor of 2068 and 59064148?
2068
Calculate the highest common factor of 21867606 and 54.
18
What is the greatest common divisor of 6382957 and 77?
7
What is the highest common factor of 18243 and 5689789?
2027
What is the greatest common divisor of 11 and 14248630?
11
What is the highest common factor of 465820 and 2060?
20
What is the highest common factor of 41819 and 847571?
589
Calculate the greatest common factor of 28987 and 207214.
287
Calculate the greatest common factor of 34722 and 72684.
54
What is the greatest common divisor of 52 and 113246796?
52
Calculate the greatest common divisor of 444 and 291468092.
148
What is the highest common factor of 198716 and 168516?
604
What is the highest common factor of 354289 and 7683?
13
What is the highest common divisor of 6713 and 8369151?
49
Calculate the highest common factor of 759 and 588409.
23
What is the highest common factor of 63788 and 374539?
431
Calculate the highest common factor of 1344 and 28785472.
64
Calculate the highest common divisor of 104676 and 2006412.
732
Calculate the highest common factor of 63 and 4376277.
9
What is the greatest common divisor of 93790090 and 575?
115
What is the highest common factor of 545905 and 311845?
235
Calculate the highest common factor of 31537310 and 770.
70
What is the greatest common divisor of 210287 and 385?
77
Calculate the highest common divisor of 5 and 355216310.
5
Calculate the highest common factor of 2489505 and 5220.
435
What is the highest common factor of 12664 and 17144?
8
What is the greatest common divisor of 56012134 and 201?
67
Calculate the highest common factor of 89563748 and 1150.
46
Calculate the greatest common factor of 969 and 170696.
19
What is the highest common factor of 376 and 4043128?
376
What is the greatest common divisor of 19165 and 16282584?
3833
What is the highest common factor of 624 and 6771856?
208
Calculate the greatest common factor of 7720 and 15119620.
3860
What is the greatest common factor of 432129 and 30479?
29
What is the greatest common divisor of 22 and 35864180?
22
What is the highest common divisor of 67985798 and 79846?
6142
Calculate the highest common divisor of 4856709 and 33.
33
Calculate the greatest common factor of 22587146 and 246.
82
What is the highest common factor of 1635952 and 4366?
118
Calculate the greatest common divisor of 144 and 50244462.
18
Calculate the highest common factor of 3069 and 292868532.
3069
Calculate the highest common factor of 979785 and 82035.
45
What is the greatest common divisor of 5768 and 71936?
8
What is the greatest common factor of 55 and 1151150?
55
Calculate the greatest common divisor of 245540 and 8220.
20
Calculate the highest common divisor of 160110 and 14550.
30
What is the highest common divisor of 51 and 691611?
51
Calculate the highest common divisor of 473916 and 84.
12
What is the greatest common factor of 10979864 and 1288?
56
Calculate the greatest common divisor of 4528105374 and 1686.
1686
Calculate the greatest common factor of 3423 and 2632613.
163
What is the highest common factor of 2637 and 267255?
9
Calculate the highest common divisor of 179987929 and 268.
67
Calculate the greatest common factor of 46 and 278408974.
46
What is the highest common divisor of 681297 and 24957397?
7831
What is the highest common factor of 1067088 and 20757?
33
Calculate the greatest common divisor of 573 and 5240467.
191
What is the greatest common divisor of 165 and 135619?
11
What is the highest common factor of 321 and 22966694?
107
Calculate the greatest common factor of 100496 and 2216.
8
Calculate the greatest common factor of 836924 and 23276.
1012
What is the greatest common factor of 20 and 1331436220?
20
What is the greatest common divisor of 20293 and 402015257?
1561
What is the greatest common divisor of 2115034 and 4186?
46
What is the greatest common factor of 2422392 and 168?
168
Calculate the highest common divisor of 461568 and 301872.
48
What is the highest common divisor of 18048 and 38164?
188
Calculate the greatest 